{"id":87,"date":"2013-08-09T18:54:24","date_gmt":"2013-08-09T16:54:24","guid":{"rendered":"http:\/\/behrens-lm.de\/?page_id=87"},"modified":"2023-10-09T14:26:15","modified_gmt":"2023-10-09T12:26:15","slug":"landtechnik","status":"publish","type":"page","link":"http:\/\/behrens-lm.de\/?page_id=87","title":{"rendered":"\u00bb LANDTECHNIK \u00ab"},"content":{"rendered":"\n<hr class=\"wp-block-separator has-alpha-channel-opacity\"\/>\n\n\n\n<p>Im Bereich der Landtechnik bieten wir Ihnen ein breites Spektrum an Produkten; von Erntemaschinen \u00fcber Futtermischwagen bis hin zu Feldspritzen sowie verschiedenen Arten von M\u00e4hger\u00e4ten. Sie finden in unserem Produktsortiment\u00a0eine Vielzahl an Fabrikaten.<\/p>\n\n\n\n<hr class=\"wp-block-separator has-alpha-channel-opacity\"\/>\n\n\n\n<table id=\"tablepress-3\" class=\"tablepress tablepress-id-3\">\n<tbody>\n<tr class=\"row-1\">\n\t<td class=\"column-1\"><img loading=\"lazy\" src=\"http:\/\/behrens-lm.de\/wp-content\/uploads\/2013\/08\/Logo_John_Deere.svg_1.png\" alt=\"\" class=\"center\" width=\"150\" height=\"102\" class=\"aligncenter size-full wp-image-49\" srcset=\"http:\/\/behrens-lm.de\/wp-content\/uploads\/2013\/08\/Logo_John_Deere.svg_1.png 2000w, http:\/\/behrens-lm.de\/wp-content\/uploads\/2013\/08\/Logo_John_Deere.svg_1-300x204.png 300w, http:\/\/behrens-lm.de\/wp-content\/uploads\/2013\/08\/Logo_John_Deere.svg_1-1024x698.png 1024w\" sizes=\"(max-width: 150px) 100vw, 150px\" \/><br \/>\n\u00bb Erntemaschinen<br \/>\n\u00bb Gro\u00dffeldspritzen<br \/>\n\u00bb GPS-Parallel-fahrsysteme<\/td><td class=\"column-2\"><img loading=\"lazy\" src=\"http:\/\/behrens-lm.de\/wp-content\/uploads\/Kuhn-Logo.svg_.png\" alt=\"\" class=\"center\" width=\"150\" height=\"81\" class=\"aligncenter size-full wp-image-997\" srcset=\"http:\/\/behrens-lm.de\/wp-content\/uploads\/Kuhn-Logo.svg_.png 2000w, http:\/\/behrens-lm.de\/wp-content\/uploads\/Kuhn-Logo.svg_-500x270.png 500w, http:\/\/behrens-lm.de\/wp-content\/uploads\/Kuhn-Logo.svg_-768x415.png 768w, http:\/\/behrens-lm.de\/wp-content\/uploads\/Kuhn-Logo.svg_-1920x1038.png 1920w\" sizes=\"(max-width: 150px) 100vw, 150px\" \/><br \/>\n\u00bb Gr\u00fcnlandtechnik<br \/>\n\u00bb Futtermischwagen<br \/>\n\u00bb Kreiseleggen<br \/>\n\u00bb Fr\u00e4sen<br \/>\n\u00bb Pfl\u00fcge<\/td><td class=\"column-3\"><img loading=\"lazy\" src=\"http:\/\/behrens-lm.de\/wp-content\/uploads\/Poettinger-logo.svg_.png\" alt=\"\" class=\"center\" width=\"150\" height=\"72\" class=\"aligncenter size-full wp-image-1001\" srcset=\"http:\/\/behrens-lm.de\/wp-content\/uploads\/Poettinger-logo.svg_.png 2000w, http:\/\/behrens-lm.de\/wp-content\/uploads\/Poettinger-logo.svg_-500x241.png 500w, http:\/\/behrens-lm.de\/wp-content\/uploads\/Poettinger-logo.svg_-768x371.png 768w, http:\/\/behrens-lm.de\/wp-content\/uploads\/Poettinger-logo.svg_-1920x926.png 1920w\" sizes=\"(max-width: 150px) 100vw, 150px\" \/><br \/>\n\u00bb Gr\u00fcnlandtechnik<br \/>\n\u00bb Silierwagen<br \/>\n\u00bb Pfl\u00fcge<\/td><td class=\"column-4\"><img loading=\"lazy\" src=\"http:\/\/behrens-lm.de\/wp-content\/uploads\/saphir_logo.gif\" alt=\"\" class=\"center\" width=\"150\" height=\"30\" class=\"aligncenter size-full wp-image-1176\" \/><br \/>\n\u00bb Grubber aller Art<br \/>\n\u00bb Planierschilder<br \/>\n\u00bb Wiesenschleppen<br \/>\n\u00bb Gr\u00fcnlandstriegel<br \/>\n\u00bb Erdbohrer<\/td>\n<\/tr>\n<tr class=\"row-2\">\n\t<td class=\"column-1\"><img loading=\"lazy\" src=\"http:\/\/behrens-lm.de\/wp-content\/uploads\/Maschio.svg_.png\" alt=\"\" class=\"center\" width=\"150\" height=\"57\" class=\"aligncenter size-full wp-image-1000\" srcset=\"http:\/\/behrens-lm.de\/wp-content\/uploads\/Maschio.svg_.png 2000w, http:\/\/behrens-lm.de\/wp-content\/uploads\/Maschio.svg_-500x189.png 500w, http:\/\/behrens-lm.de\/wp-content\/uploads\/Maschio.svg_-768x290.png 768w, http:\/\/behrens-lm.de\/wp-content\/uploads\/Maschio.svg_-1920x725.png 1920w\" sizes=\"(max-width: 150px) 100vw, 150px\" \/><br \/>\n\u00bb Kreiseleggen<br \/>\n\u00bb Ausleger- und B\u00f6schungsm\u00e4her<br \/>\n\u00bb Schlegelm\u00e4her<br \/>\n\u00bb Bodenfr\u00e4sen<br \/>\n\u00bb Feldspritzen<\/td><td class=\"column-2\"><div style=\"display: flex; justify-content: center;\"><br \/>\n    <img loading=\"lazy\" src=\"http:\/\/behrens-lm.de\/wp-content\/uploads\/strautmann.jpg\" width=\"150\" height=\"17\" style=\"vertical-align: top;\" \/><br \/>\n<\/div><br \/>\n\u00bb Stalldungstreuer<br \/>\n\u00bb Futtermischwagen<\/td><td class=\"column-3\"><img loading=\"lazy\" src=\"http:\/\/behrens-lm.de\/wp-content\/uploads\/Bargam.png\" alt=\"\" class=\"center\" width=\"150\" height=\"49\" class=\"aligncenter size-full wp-image-1097\" \/><br \/>\n\u00bb Spritzen<br \/>\n\u00bb Schlegelm\u00e4her<\/td><td class=\"column-4\"><img loading=\"lazy\" src=\"http:\/\/behrens-lm.de\/wp-content\/uploads\/stoll-opv.jpg\" alt=\"\" class=\"center\" width=\"150\" height=\"78\" class=\"aligncenter size-full wp-image-1097\" \/><br \/>\n\u00bb Frontlader<\/td>\n<\/tr>\n<tr class=\"row-3\">\n\t<td class=\"column-1\"><img loading=\"lazy\" src=\"http:\/\/behrens-lm.de\/wp-content\/uploads\/RAUCHLogo.jpg\" alt=\"\" class=\"center\" width=\"150\" height=\"28\" class=\"aligncenter size-full wp-image-1097\" \/><br \/>\n\u00bb Streuer<\/td><td class=\"column-2\"><img loading=\"lazy\" src=\"http:\/\/behrens-lm.de\/wp-content\/uploads\/Kramer_Logo.jpg\" alt=\"\" class=\"center\" width=\"150\" height=\"47\" class=\"aligncenter size-full wp-image-1128\" srcset=\"http:\/\/behrens-lm.de\/wp-content\/uploads\/Kramer_Logo.jpg 664w, http:\/\/behrens-lm.de\/wp-content\/uploads\/Kramer_Logo-500x155.jpg 500w\" sizes=\"(max-width: 150px) 100vw, 150px\" \/><br \/>\n\u00bb Radlader<\/td><td class=\"column-3\"><img loading=\"lazy\" src=\"http:\/\/behrens-lm.de\/wp-content\/uploads\/bremer.png\" alt=\"\" class=\"center\" width=\"150\" height=\"49\" class=\"aligncenter size-full wp-image-1175\" \/><br \/>\n\u00bb Stoppel- und Tiefengrubber<\/td><td class=\"column-4\"><img loading=\"lazy\" src=\"http:\/\/behrens-lm.de\/wp-content\/uploads\/d\u00fccker.png\" alt=\"\" class=\"center\" width=\"150\" height=\"45\" class=\"aligncenter size-full wp-image-1174\" srcset=\"http:\/\/behrens-lm.de\/wp-content\/uploads\/d\u00fccker.png 1010w, http:\/\/behrens-lm.de\/wp-content\/uploads\/d\u00fccker-500x150.png 500w, http:\/\/behrens-lm.de\/wp-content\/uploads\/d\u00fccker-768x230.png 768w\" sizes=\"(max-width: 150px) 100vw, 150px\" \/><br \/>\n\u00bb Profi-Schlegelmulcher<br \/>\n\u00bb Knickscheren<\/td>\n<\/tr>\n<tr class=\"row-4\">\n\t<td class=\"column-1\"><span style=\"color: #006000;font-size: 16px;\"><strong>Ehrle<\/strong><\/span><br \/>\n\u00bb Hochdruckreiniger (kalt \/ hei\u00df)<\/td><td class=\"column-2\"><span style=\"color: #006000;font-size: 16px;\"><strong>BMB<\/strong><\/span><br \/>\n\u00bb Wiesenschleppen<br \/>\n\u00bb Weidetore<br \/>\n\u00bb Frontladerger\u00e4te<br \/>\n\u00bb Gummischieber f\u00fcr Dreipunkt und Stapler<br \/>\n\u00bb Reitplatzpflegemaschinen<\/td><td class=\"column-3\"><span style=\"color: #006000;font-size: 16px;\"><strong>D\u00fcvelsdorf<\/strong><\/span><br \/>\n\u00bb Gr\u00fcnlandstriegel<br \/>\n\u00bb Glattwalzen<br \/>\n\u00bb Winterdienstger\u00e4te<\/td><td class=\"column-4\"><span style=\"color: #006000;font-size: 16px;\"><strong>Lehner<\/strong><\/span><br \/>\n\u00bb Schnecken-, Grassaat- und Granulatstreuer<\/td>\n<\/tr>\n<\/tbody>\n<\/table>\n<!-- #tablepress-3 from cache -->\n\n\n<hr class=\"wp-block-separator has-alpha-channel-opacity\"\/>\n\n\n\n<p>F\u00fcr weitere Informationen k\u00f6nnen Sie uns&nbsp;<a style=\"color: #006000;\" href=\"http:\/\/behrens-lm.de\/?page_id=74\"><b>hier<\/b><\/a>&nbsp;kontaktieren oder Sie setzen sich mit einem unserer, daf\u00fcr zust\u00e4ndigen&nbsp;<a style=\"color: #006000;\" href=\"http:\/\/behrens-lm.de\/?page_id=70\"><b>Ansprechpartner<\/b><\/a> in Verbindung.<\/p>\n","protected":false},"excerpt":{"rendered":"<p><a class=\"read-more\" href=\"http:\/\/behrens-lm.de\/?page_id=87\">Vollst\u00e4ndigen Artikel lesen<\/a><\/p>\n","protected":false},"author":1,"featured_media":0,"parent":0,"menu_order":3,"comment_status":"closed","ping_status":"closed","template":"","meta":{"_links_to":"","_links_to_target":""},"tags":[86,216,35,64,81,215,62,65,209,210,96,67,74,98,72,61,88,212,69,101,100,68,92,95,71,182,79,199,217,22,90,87,57,73,77,38,66,59,39,70,75,93,42,89,15,63,85,99,78,76,82,83,84,80,13,60,91,211,97,94,213,214],"jetpack_sharing_enabled":true,"jetpack_shortlink":"https:\/\/wp.me\/P8BIro-1p","_links":{"self":[{"href":"http:\/\/behrens-lm.de\/index.php?rest_route=\/wp\/v2\/pages\/87"}],"collection":[{"href":"http:\/\/behrens-lm.de\/index.php?rest_route=\/wp\/v2\/pages"}],"about":[{"href":"http:\/\/behrens-lm.de\/index.php?rest_route=\/wp\/v2\/types\/page"}],"author":[{"embeddable":true,"href":"http:\/\/behrens-lm.de\/index.php?rest_route=\/wp\/v2\/users\/1"}],"replies":[{"embeddable":true,"href":"http:\/\/behrens-lm.de\/index.php?rest_route=%2Fwp%2Fv2%2Fcomments&post=87"}],"version-history":[{"count":36,"href":"http:\/\/behrens-lm.de\/index.php?rest_route=\/wp\/v2\/pages\/87\/revisions"}],"predecessor-version":[{"id":2183,"href":"http:\/\/behrens-lm.de\/index.php?rest_route=\/wp\/v2\/pages\/87\/revisions\/2183"}],"wp:attachment":[{"href":"http:\/\/behrens-lm.de\/index.php?rest_route=%2Fwp%2Fv2%2Fmedia&parent=87"}],"wp:term":[{"taxonomy":"post_tag","embeddable":true,"href":"http:\/\/behrens-lm.de\/index.php?rest_route=%2Fwp%2Fv2%2Ftags&post=87"}],"curies":[{"name":"wp","href":"https:\/\/api.w.org\/{rel}","templated":true}]}}