{"id":723,"date":"2016-08-24T00:51:13","date_gmt":"2016-08-23T22:51:13","guid":{"rendered":"http:\/\/behrens-lm.de\/?page_id=723"},"modified":"2023-10-09T16:13:59","modified_gmt":"2023-10-09T14:13:59","slug":"gebrauchtmaschinen","status":"publish","type":"page","link":"http:\/\/behrens-lm.de\/?page_id=723","title":{"rendered":"\u00bb\u00a0GEBRAUCHTMASCHINEN\u00a0\u00ab"},"content":{"rendered":"<h1 style=\"text-align: left;\"><\/h1>\n<p style=\"text-align: justify;\">Bei uns finden Sie neben einem gro\u00dfen Sortiment an Neumaschinen auch stets attraktive Angebote f\u00fcr Gebrauchtmaschinen jeglicher Art. Auf dieser Seite pr\u00e4sentieren wir Ihnen eine kleine, exemplarische Auswahl unseres Angebotsportfolios. Weiterf\u00fchrende Informationen zu unserem gegenw\u00e4rtigen Angebot an Gebrauchtmaschinen erhalten Sie unter folgendem Link: <a href=\"http:\/\/www.traktorpool.de\/behrens-lm\/search\/homepage_id\/71\/netgross\/2\/sort\/ASC\/sortby\/price\/\" target=\"_blank\" rel=\"designer noopener noreferrer\"><b>Traktorpool<\/b><\/a>.<\/p>\n<!-- \/wp:gallery -->\n\n<!-- wp:separator {\"color\":\"cyan-bluish-gray\"} -->\n\n<hr class=\"wp-block-separator has-text-color has-background has-cyan-bluish-gray-background-color has-cyan-bluish-gray-color\">\n\n<!-- \/wp:separator -->\n\n<!-- wp:gallery {\"ids\":[1252,978,1251,1249,727,730,729,728],\"columns\":5,\"linkTo\":\"none\"} -->\n<figure class=\"wp-block-gallery columns-5 is-cropped\">\n<ul class=\"blocks-gallery-grid\">\n \t<li class=\"blocks-gallery-item\">\n<figure><img loading=\"lazy\" width=\"420\" height=\"560\" class=\"wp-image-1252\" src=\"http:\/\/behrens-lm.de\/wp-content\/uploads\/Pfl\u00fcge-Eberhardt-11801956-e1491396922636.jpg\" alt=\"\" data-id=\"1252\" data-full-url=\"http:\/\/behrens-lm.de\/wp-content\/uploads\/Pfl\u00fcge-Eberhardt-11801956-e1491396922636.jpg\" data-link=\"http:\/\/behrens-lm.de\/?attachment_id=1252\" srcset=\"http:\/\/behrens-lm.de\/wp-content\/uploads\/Pfl\u00fcge-Eberhardt-11801956-e1491396922636.jpg 420w, http:\/\/behrens-lm.de\/wp-content\/uploads\/Pfl\u00fcge-Eberhardt-11801956-e1491396922636-375x500.jpg 375w\" sizes=\"(max-width: 420px) 100vw, 420px\" \/><\/figure>\n<\/li>\n \t<li class=\"blocks-gallery-item\">\n<figure><img loading=\"lazy\" width=\"560\" height=\"420\" class=\"wp-image-978\" src=\"http:\/\/behrens-lm.de\/wp-content\/uploads\/Kommunaltraktoren-John-Deere-13017939.jpg\" alt=\"\" data-id=\"978\" data-full-url=\"http:\/\/behrens-lm.de\/wp-content\/uploads\/Kommunaltraktoren-John-Deere-13017939.jpg\" data-link=\"http:\/\/behrens-lm.de\/?attachment_id=978\" srcset=\"http:\/\/behrens-lm.de\/wp-content\/uploads\/Kommunaltraktoren-John-Deere-13017939.jpg 560w, http:\/\/behrens-lm.de\/wp-content\/uploads\/Kommunaltraktoren-John-Deere-13017939-500x375.jpg 500w\" sizes=\"(max-width: 560px) 100vw, 560px\" \/><\/figure>\n<\/li>\n \t<li class=\"blocks-gallery-item\">\n<figure><img loading=\"lazy\" width=\"746\" height=\"420\" class=\"wp-image-1251\" src=\"http:\/\/behrens-lm.de\/wp-content\/uploads\/M\u00e4hwerke-Deutz-Fahr-14465678.jpg\" alt=\"\" data-id=\"1251\" data-full-url=\"http:\/\/behrens-lm.de\/wp-content\/uploads\/M\u00e4hwerke-Deutz-Fahr-14465678.jpg\" data-link=\"http:\/\/behrens-lm.de\/?attachment_id=1251\" srcset=\"http:\/\/behrens-lm.de\/wp-content\/uploads\/M\u00e4hwerke-Deutz-Fahr-14465678.jpg 746w, http:\/\/behrens-lm.de\/wp-content\/uploads\/M\u00e4hwerke-Deutz-Fahr-14465678-500x282.jpg 500w\" sizes=\"(max-width: 746px) 100vw, 746px\" \/><\/figure>\n<\/li>\n \t<li class=\"blocks-gallery-item\">\n<figure><img loading=\"lazy\" width=\"560\" height=\"420\" class=\"wp-image-1249\" src=\"http:\/\/behrens-lm.de\/wp-content\/uploads\/D\u00fcngerstreuer-Rauch-14507085.jpg\" alt=\"\" data-id=\"1249\" data-full-url=\"http:\/\/behrens-lm.de\/wp-content\/uploads\/D\u00fcngerstreuer-Rauch-14507085.jpg\" data-link=\"http:\/\/behrens-lm.de\/?attachment_id=1249\" srcset=\"http:\/\/behrens-lm.de\/wp-content\/uploads\/D\u00fcngerstreuer-Rauch-14507085.jpg 560w, http:\/\/behrens-lm.de\/wp-content\/uploads\/D\u00fcngerstreuer-Rauch-14507085-500x375.jpg 500w\" sizes=\"(max-width: 560px) 100vw, 560px\" \/><\/figure>\n<\/li>\n \t<li class=\"blocks-gallery-item\">\n<figure><img loading=\"lazy\" width=\"600\" height=\"800\" class=\"wp-image-727\" src=\"http:\/\/behrens-lm.de\/wp-content\/uploads\/Kehrmaschinen-Hercules-9228461.jpg\" alt=\"\" data-id=\"727\" data-full-url=\"http:\/\/behrens-lm.de\/wp-content\/uploads\/Kehrmaschinen-Hercules-9228461.jpg\" data-link=\"http:\/\/behrens-lm.de\/?attachment_id=727\" srcset=\"http:\/\/behrens-lm.de\/wp-content\/uploads\/Kehrmaschinen-Hercules-9228461.jpg 600w, http:\/\/behrens-lm.de\/wp-content\/uploads\/Kehrmaschinen-Hercules-9228461-375x500.jpg 375w\" sizes=\"(max-width: 600px) 100vw, 600px\" \/><\/figure>\n<\/li>\n \t<li class=\"blocks-gallery-item\">\n<figure><img loading=\"lazy\" width=\"560\" height=\"420\" class=\"wp-image-730\" src=\"http:\/\/behrens-lm.de\/wp-content\/uploads\/Pressen-Fendt-8236681.jpg\" alt=\"\" data-id=\"730\" data-full-url=\"http:\/\/behrens-lm.de\/wp-content\/uploads\/Pressen-Fendt-8236681.jpg\" data-link=\"http:\/\/behrens-lm.de\/?attachment_id=730\" srcset=\"http:\/\/behrens-lm.de\/wp-content\/uploads\/Pressen-Fendt-8236681.jpg 560w, http:\/\/behrens-lm.de\/wp-content\/uploads\/Pressen-Fendt-8236681-500x375.jpg 500w\" sizes=\"(max-width: 560px) 100vw, 560px\" \/><\/figure>\n<\/li>\n \t<li class=\"blocks-gallery-item\">\n<figure><img loading=\"lazy\" width=\"560\" height=\"420\" class=\"wp-image-729\" src=\"http:\/\/behrens-lm.de\/wp-content\/uploads\/Mulcher-Maschio-8219454.jpg\" alt=\"\" data-id=\"729\" data-full-url=\"http:\/\/behrens-lm.de\/wp-content\/uploads\/Mulcher-Maschio-8219454.jpg\" data-link=\"http:\/\/behrens-lm.de\/?attachment_id=729\" srcset=\"http:\/\/behrens-lm.de\/wp-content\/uploads\/Mulcher-Maschio-8219454.jpg 560w, http:\/\/behrens-lm.de\/wp-content\/uploads\/Mulcher-Maschio-8219454-500x375.jpg 500w\" sizes=\"(max-width: 560px) 100vw, 560px\" \/><\/figure>\n<\/li>\n \t<li class=\"blocks-gallery-item\">\n<figure><img loading=\"lazy\" width=\"560\" height=\"420\" class=\"wp-image-728\" src=\"http:\/\/behrens-lm.de\/wp-content\/uploads\/Kreiselheuer-wender-11345739.jpg\" alt=\"\" data-id=\"728\" data-full-url=\"http:\/\/behrens-lm.de\/wp-content\/uploads\/Kreiselheuer-wender-11345739.jpg\" data-link=\"http:\/\/behrens-lm.de\/?attachment_id=728\" srcset=\"http:\/\/behrens-lm.de\/wp-content\/uploads\/Kreiselheuer-wender-11345739.jpg 560w, http:\/\/behrens-lm.de\/wp-content\/uploads\/Kreiselheuer-wender-11345739-500x375.jpg 500w\" sizes=\"(max-width: 560px) 100vw, 560px\" \/><\/figure>\n<\/li>\n<\/ul>\n<\/figure>\n<!-- \/wp:gallery -->\n\n<!-- wp:separator {\"color\":\"cyan-bluish-gray\"} -->\n\n<hr class=\"wp-block-separator has-text-color has-background has-cyan-bluish-gray-background-color has-cyan-bluish-gray-color\">\n\n<!-- \/wp:separator -->\n\n<!-- wp:paragraph -->\n\nF\u00fcr weitere Informationen k\u00f6nnen Sie uns <a href=\"http:\/\/behrens-lm.de\/?page_id=74\"><strong>hier<\/strong><\/a>&nbsp;kontaktieren oder Sie setzen sich mit einem unserer, daf\u00fcr zust\u00e4ndigen&nbsp;<a href=\"http:\/\/behrens-lm.de\/?page_id=70\"><strong>Ansprechpartner<\/strong><\/a> in Verbindung.\n\n<!-- \/wp:paragraph -->","protected":false},"excerpt":{"rendered":"<p><a class=\"read-more\" href=\"http:\/\/behrens-lm.de\/?page_id=723\">Vollst\u00e4ndigen Artikel lesen<\/a><\/p>\n","protected":false},"author":1,"featured_media":0,"parent":0,"menu_order":0,"comment_status":"closed","ping_status":"closed","template":"","meta":{"_links_to":"","_links_to_target":""},"tags":[],"jetpack_sharing_enabled":true,"jetpack_shortlink":"https:\/\/wp.me\/P8BIro-bF","_links":{"self":[{"href":"http:\/\/behrens-lm.de\/index.php?rest_route=\/wp\/v2\/pages\/723"}],"collection":[{"href":"http:\/\/behrens-lm.de\/index.php?rest_route=\/wp\/v2\/pages"}],"about":[{"href":"http:\/\/behrens-lm.de\/index.php?rest_route=\/wp\/v2\/types\/page"}],"author":[{"embeddable":true,"href":"http:\/\/behrens-lm.de\/index.php?rest_route=\/wp\/v2\/users\/1"}],"replies":[{"embeddable":true,"href":"http:\/\/behrens-lm.de\/index.php?rest_route=%2Fwp%2Fv2%2Fcomments&post=723"}],"version-history":[{"count":25,"href":"http:\/\/behrens-lm.de\/index.php?rest_route=\/wp\/v2\/pages\/723\/revisions"}],"predecessor-version":[{"id":2224,"href":"http:\/\/behrens-lm.de\/index.php?rest_route=\/wp\/v2\/pages\/723\/revisions\/2224"}],"wp:attachment":[{"href":"http:\/\/behrens-lm.de\/index.php?rest_route=%2Fwp%2Fv2%2Fmedia&parent=723"}],"wp:term":[{"taxonomy":"post_tag","embeddable":true,"href":"http:\/\/behrens-lm.de\/index.php?rest_route=%2Fwp%2Fv2%2Ftags&post=723"}],"curies":[{"name":"wp","href":"https:\/\/api.w.org\/{rel}","templated":true}]}}